 when 13942185 is divided by 6.
3
Calculate the remainder when 96190 is divided by 47699.
792
Calculate the remainder when 527334 is divided by 44.
38
What is the remainder when 5991712 is divided by 2541?
34
What is the remainder when 240502 is divided by 129?
46
Calculate the remainder when 25510034 is divided by 683.
667
Calculate the remainder when 226155 is divided by 229.
132
Calculate the remainder when 69734 is divided by 3664.
118
Calculate the remainder when 376678 is divided by 125531.
85
Calculate the remainder when 1957859418 is divided by 20.
18
What is the remainder when 142778 is divided by 35638?
226
What is the remainder when 15255483 is divided by 921?
39
Calculate the remainder when 215344883 is divided by 244.
243
Calculate the remainder when 28119505 is divided by 1634.
1633
Calculate the remainder when 198968 is divided by 99302.
364
What is the remainder when 148110 is divided by 74052?
6
What is the remainder when 1522393 is divided by 43?
21
Calculate the remainder when 36429991 is divided by 4047775.
16
Calculate the remainder when 318211 is divided by 39691.
683
What is the remainder when 209968 is divided by 69848?
424
What is the remainder when 2532591 is divided by 194814?
9
What is the remainder when 35928894 is divided by 30?
24
Calculate the remainder when 9083085 is divided by 4541535.
15
Calculate the remainder when 60305 is divided by 278.
257
Calculate the remainder when 54127 is divided by 10330.
2477
Calculate the remainder when 143687 is divided by 1150.
1087
Calculate the remainder when 627542 is divided by 7843.
102
Calculate the remainder when 25390473 is divided by 6130.
13
What is the remainder when 2312957 is divided by 436?
413
What is the remainder when 1655990 is divided by 331160?
190
What is the remainder when 142267 is divided by 296?
187
What is the remainder when 2191360 is divided by 2095?
2085
What is the remainder when 250070 is divided by 238?
170
Calculate the remainder when 5527965 is divided by 1305.
1290
Calculate the remainder when 1448627 is divided by 241433.
29
Calculate the remainder when 65014246 is divided by 167.
144
Calculate the remainder when 7386533 is divided by 862.
55
What is the remainder when 51515 is divided by 5647?
692
Calculate the remainder when 2446749 is divided by 168.
165
Calculate the remainder when 15536086 is divided by 144.
70
Calculate the remainder when 7492 is divided by 1245.
22
What is the remainder when 897821 is divided by 224447?
33
Calculate the remainder when 344845631 is divided by 49.
46
What is the remainder when 93856837 is divided by 2387?
2384
What is the remainder when 280837 is divided by 14780?
17
What is the remainder when 14175551 is divided by 12?
11
Calculate the remainder when 174914 is divided by 3068.
38
What is the remainder when 6372 is divided by 1592?
4
Calculate the remainder when 155245781 is divided by 894.
893
Calculate the remainder when 4057221 is divided by 142.
139
What is the remainder when 12987264 is divided by 83?
5
Calculate the remainder when 24806111 is divided by 1109.
1108
What is the remainder when 4748223 is divided by 262?
259
What is the remainder when 2399151 is divided by 814?
293
What is the remainder when 93477903 is divided by 208?
207
What is the remainder when 56776 is divided by 3119?
634
What is the remainder when 68132130 is divided by 1094?
1092
What is the remainder when 2656844 is divided by 91614?
38
Calculate the remainder when 3745260 is divided by 380.
360
What is the remainder when 79497 is divided by 79473?
24
What is the remainder when 165647 is divided by 23380?
1987
What is the remainder when 36519 is divided by 398?
301
Calculate the remainder when 2824572 is divided by 2824564.
8
Calculate the remainder when 52776404 is divided by 325.
304
Calculate the remainder when 26586098 is divided by 20.
18
What is the remainder when 45702622 is divided by 108044?
10
What is the remainder when 12820543 is divided by 34744?
7
Calculate the remainder when 30106 is divided by 454.
142
What is the remainder when 1178403 is divided by 400?
3
What is the remainder when 1147224 is divided by 174?
42
What is the remainder when 39881732 is divided by 66?
44
Calculate the remainder when 15462739 is divided by 21.
19
Calculate the remainder when 2823830 is divided by 219.
44
What is the remainder when 1495676 is divided by 1304?
1292
What is the remainder when 40186 is divided by 2614?
976
Calculate the remainder when 187344079 is divided by 56.
55
Calculate the remainder when 75794333 is divided by 2179.
2176
What is the remainder when 1449513 is divided by 223?
13
What is the remainder when 12319163 is divided by 267807?
41
What is the remainder when 10164 is divided by 1066?
570
Calculate the remainder when 271774 is divided by 6968.
22
Calculate the remainder when 160748 is divided by 5358.
8
Calculate the remainder when 6268534 is divided by 44.
30
What is the remainder when 154152530 is divided by 9?
8
Calculate the remainder when 364876 is divided by 7932.
4
What is the remainder when 342029 is divided by 3054?
3035
Calculate the remainder when 84373955 is divided by 4017806.
29
What is the remainder when 168211 is divided by 83711?
789
What is the remainder when 8251533 is divided by 3115?
3013
Calculate the remainder when 1618771 is divided by 126.
49
What is the remainder when 12398634 is divided by 51?
24
What is the remainder when 236116 is divided by 9437?
191
Calculate the remainder when 125302 is divided by 17894.
44
Calculate the remainder when 100714584 is divided by 166746.
0
Calculate the remainder when 130362 is divided by 3532.
3210
Calculate the remainder when 147462802 is divided by 29.
6
What is the remainder when 3489 is divided by 434?
17
What is the remainder when 233012 is divided by 22?
10
Calculate the remainder when 491658 is divided by 1991.
1872
What is the remainder when 29344647 is divided by 2667689?
68
Calculate the remainder when 31555 is divided by 31404.
151
What is the remainder when 3272604 is divided by 7161?
27
Calculate the remainder when 493283 is divided by 3008.
2979
What is the remainder when 2508193 is divided by 183?
178
Calculate the remainder when 53614 is divided by 12563.
3362
Calculate the remainder when 172356 is divided by 169381.
2975
What is the remainder when 65489 is divided by 8190?
8159
What is the remainder when 51684 is divided by 7304?
556
Calculate the remainder when 79442 is divided by 534.
410
What is the remainder when 1618722 is divided by 3132?
2610
Calculate the remainder when 2885407 is divided by 412058.
1001
What is the remainder when 12468358 is divided by 212?
2
Calculate the remainder when 42096396 is divided by 5510.
5506
What is the remainder when 531659 is divided by 808?
803
What is the remainder when 7919423 is divided by 2496?
2111
What is the remainder when 6836469 is divided by 28?
17
Calculate the remainder when 474871 is divided by 237413.
45
What is the remainder when 5282068 is divided by 880343?
10
What is the remainder when 2414631 is divided by 98?
9
Calculate the remainder when 429016 is divided by 8570.
516
What is the remainder when 482541 is divided by 120400?
941
What is the remainder when 72195444 is divided by 6016287?
0
What is the remainder when 385517 is divided by 19?
7
Calculate the remainder when 34773097 is divided by 20.
17
Calculate the remainder when 586165 is divided by 772.
217
What is the remainder when 910035 is divided by 303311?
102
What is the remainder when 56356677 is divided by 11271322?
67
Calculate the remainder when 1080511 is divided by 54024.
31
What is the remainder when 449937 is divided by 1814?
65
Calculate the remainder when 663137 is divided by 22741.
3648
Calculate the remainder when 226722 is divided by 9023.
1147
Calculate the remainder when 493162 is divided by 15908.
14
Calculate the remainder when 70241841 is divided by 31.
26
What is the remainder when 13240946 is divided by 275853?
2
What is the remainder when 737699 is divided by 32071?
66
Calculate the remainder when 3784681 is divided by 1767.
1534
What is the remainder when 32827 is divided by 79?
42
What is the remainder when 17897552 is divided by 204?
20
Calculate the remainder when 5668 is divided 